 0 = x + 1. Let n = 12 - v. Let y = 0 + n. What is the units digit of y?
4
Suppose d + 2*o = 54, 2*d + 20 - 126 = -3*o. What is the tens digit of d?
5
Let w = 9 + -26. Let i = 29 + w. What is the units digit of i?
2
Suppose -5*j + 4 = -3*j. Let k(s) = 1 - 8 + 2 + j*s + 10*s**2 + 11*s - s**3. What is the tens digit of k(11)?
1
Let n(g) = g**2 - 2*g - 4. Suppose -2*b = -4*m + 18, 4*b = -0*b - 4. Let h be n(m). Suppose h*j = 1 + 63. What is the units digit of j?
6
Let h be 3/(-9) - 13/(-3). Suppose 0*i = -h*i + 4. Suppose -4*b + 5 - i = 0. What is the units digit of b?
1
Let n be -5 - (-4 - -2 - 1). Let g = 23 + n. What is the units digit of g?
1
Let m = 24 + -19. Suppose -d = m*n - 115, -7*n + 92 = -3*n - d. What is the units digit of n?
3
Suppose -b + 2*b = 0. Suppose 0 = -3*d - 5 + 17. Suppose -c + d + 9 = b. What is the tens digit of c?
1
Let v(m) = 4*m. Let i be v(1). Suppose i*r - 3*r = 30. What is the units digit of r?
0
Let j(t) = t**3 + 7*t**2 - 8*t - 2. Let i be j(-8). Let u = 6 - i. What is the units digit of u?
8
Suppose 52 = 3*c - 3*y - 2*y, 3*c - 4*y - 56 = 0. What is the tens digit of (-7)/((-14)/c) - 0?
1
Let s(y) = y**3 - 2*y**2 + 2*y - 1. What is the tens digit of s(3)?
1
Let a(x) = -x + 6. Let t be a(3). Suppose 3*h = 3*r + 45, -2*r - t*h - 30 = -h. What is the tens digit of -2*6/4 - r?
1
Suppose 0 = -4*y - 2*y + 246. What is the units digit of y?
1
Let j be -2 + 8*(-3)/3. What is the units digit of (-8)/j*15/6?
2
Suppose 4*w + 34 = 4*c + 2*w, 5*w + 13 = 2*c. What is the units digit of (-2)/(1*(-2)/c)?
9
Suppose -58 = -3*b + 383. What is the hundreds digit of b?
1
Suppose 0 = -8*j + 3*j + 5. Let k(v) = -j + 0*v - v - 5. What is the units digit of k(-7)?
1
Suppose 3*u = 0, -8*c = -4*c - 2*u - 924. What is the tens digit of c?
3
Let n(t) = t**2 - t - 2. Let p = -2 - 0. Let i be n(p). Suppose -x = -4*j + 13, j - 3*x + 1 + i = 0. What is the units digit of j?
4
Suppose 26 = 3*p - 109. What is the units digit of p?
5
Let t = 19 - 15. Suppose t = 4*w - 4. What is the units digit of w?
2
Let u be 6/4*(-80)/6. Let z = 8 - u. What is the tens digit of z?
2
Suppose 0 = 3*w - w - 80. What is the units digit of w?
0
Let f be 13/5 - 6/(-15). Suppose -n = 4*q - 4, f*q + 11 = n - 0*n. What is the units digit of n?
8
Let u be 33/9 + 2/(-3). Let v(d) = -5*d**3 - d**2 - 2*d - 3. Let p(l) = -l**3 - l**2 - l - 1. Let f(g) = -4*p(g) + v(g). What is the units digit of f(u)?
7
Let g = 58 + -24. Suppose 2*f + 5*j + 8 = -12, -64 = 4*f + 4*j. Let a = g + f. What is the units digit of a?
4
Let m = -46 + 64. Let s = m - 4. What is the tens digit of s?
1
What is the tens digit of (4 + -5 - 9)*-1?
1
Suppose s + 2*s - 12 = 0. Suppose -s*m + 156 = -48. Suppose -g + m = 2*g. What is the units digit of g?
7
Let g(w) = -2*w + w**2 + 0*w**2 - 2 - w. Let z be g(4). Suppose -2*b + z*d + 16 = 0, 0*b - 5*d = -2*b + 13. What is the units digit of b?
9
Suppose 2*u + 0*a = -2*a + 8, 3*u + 23 = 4*a. Let t(r) = -5*r**3 - r**2 - r - 1. What is the units digit of t(u)?
4
Suppose -o + 7 = 3. Suppose -o*w = -w - 9. Suppose 0*n + 3*l + 36 = w*n, 5*l = -3*n + 20. What is the tens digit of n?
1
Let u be 1/(-3) + 2/6. Suppose x = 12 - u. What is the tens digit of x?
1
Let z be (2 - 4)/(-2)*4. Suppose 0 = -h - 0*h + 5*q + 28, 154 = z*h + q. What is the tens digit of h?
3
Suppose 0 = -h - 5*x - 18, 4*h - 3*x - 20 = -0*x. Let v(t) = t + 13. Let b be v(-9). Suppose 5*z = b*g + z - 28, -h*g = 2*z - 30. What is the tens digit of g?
1
Suppose -k - 2*k - 6 = 0. Let h be 6 + k/(4 + -2). Suppose 0 = h*v + 1 - 16. What is the units digit of v?
3
Let r(m) = 16*m**2. Let y = 11 + -10. What is the tens digit of r(y)?
1
Let y be 8*((-15)/(-12) + -1). Suppose v = -y + 8. What is the units digit of v?
6
Let g(d) = -d**2 - 14*d - 9. Let j be g(-11). What is the units digit of j/10*15/6?
6
Let m(d) = -d**2 + d + 0*d**2 + 2*d**2 + 3. Let h be -1*((-1 - -2) + -4). What is the units digit of m(h)?
5
Let v be -2 - ((-2 - -15) + -3). Let i = -9 - v. What is the units digit of i?
3
Let x(w) = -w**3 + 4*w**2 + w - 1. Let y be x(4). Let r(p) = p**3 - 4*p**2 + 3*p + 3. What is the units digit of r(y)?
3
Let u(w) = -w**3 + 20*w**2 + 4*w - 20. What is the tens digit of u(20)?
6
Let r(k) = -11 + 0*k + 3*k + 2*k - 4*k. What is the units digit of r(13)?
2
Let h = -1 + 4. Suppose -g - h*n - 9 - 1 = 0, 2*g - n = 15. Suppose -2*c - 4 = 0, g*v + 3*c - 8 = 2*c. What is the units digit of v?
2
Suppose -o = -0*o - 9. What is the units digit of o?
9
Suppose 0*w + 5*w - 13 = -t, t = 2*w - 8. Let f = 11 - 6. Suppose -4*s = -0*j - w*j + 8, 5*s - 25 = -f*j. What is the units digit of j?
4
Let b(s) = -3*s**2 - s - 1. Let i be b(-2). Let g = -7 - i. Let o = -1 + g. What is the units digit of o?
3
What is the units digit of (30/(-6) + 2)*-9?
7
Let v be 0/(((-6)/(-2))/3). What is the units digit of 6 + 0 + (v - -1)?
7
Let s = -84 - -145. What is the tens digit of s?
6
Suppose -3*r = 4*m - 231, -3*m + r + 54 = -103. What is the tens digit of m?
5
Suppose 0 = -2*d - 2*d + 20, -5*c = 3*d - 35. Let i be 18/4 + 2/c. Suppose -4*t - 19 = -i*x + 4*x, 0 = 5*t + 15. What is the units digit of x?
7
Suppose -4*z + 7*z = 12, -4*m + 2*z = 8. Suppose m*w = -4*w + 8. Suppose 0 = 5*s - l - 80, w*s - 3*s + 5*l + 40 = 0. What is the tens digit of s?
1
Let j = -13 + 12. Let x = 5 + j. What is the units digit of x?
4
Let m(q) = -11*q + 12 + 2*q**2 - 2*q**2 + q**2. What is the units digit of m(10)?
2
Let l(z) = z**2 + 5*z + 4. Let s = 12 + -19. What is the units digit of l(s)?
8
Suppose -f - 24 = -2*d - 3*f, -2*d + f = -18. Suppose -d = -2*v - 3*v. Suppose -v*u + 11 = 3. What is the units digit of u?
4
Let g(o) = -o + 14. Let w be g(12). Suppose -3*p = -w*p + 2*i - 24, 4*p - 5*i - 109 = 0. What is the tens digit of p?
2
Let j = 3 - -2. Suppose -4*a + 7 = -j*a. Let c = a + 11. What is the units digit of c?
4
Let s = 4 + -4. Suppose 0 = 2*b - 3*f - 2, -b + 3*f = -s*b + 2. What is the units digit of b?
4
Suppose 5*q - 178 = -2*p, q - 50 = -0*q - 4*p. What is the tens digit of q?
3
Let k(a) = a - 1. Let u be k(5). What is the tens digit of 187/u + (-9)/12?
4
Let g be 1 + (2 - 2) + 5. Suppose 0 = 2*w + 2 - g. Let v = w - -5. What is the units digit of v?
7
Suppose -3*c - 3*b - 159 = -6*c, 2*c - 5*b - 106 = 0. What is the units digit of c?
3
What is the tens digit of (-574)/(-8) - 24/32?
7
What is the units digit of 3/9 - 1239/(-9)?
8
Let z = -313 - -191. Let n = -81 - z. What is the tens digit of n?
4
Suppose -1088 - 1512 = -8*z. What is the hundreds digit of z?
3
Let f(h) = h**2 + 2 - 3*h**3 - 9*h**2 + 2*h**3. Let c = 20 + -28. What is the units digit of f(c)?
2
Let d(k) = -2*k + 13. What is the units digit of d(-17)?
7
Let b(n) = 5*n**2 - n - 27. What is the hundreds digit of b(7)?
2
Let f = 1 - 0. Suppose 3*n + 4 - f = 0, 0 = -4*m + 3*n + 31. What is the units digit of m?
7
Let n(w) = 2*w**2 + 3*w - 6. Let q be n(-6). Suppose j + 1 = 4*f, -2*f + q = 4*j - 5*f. Suppose 0 = -4*h - h + j. What is the units digit of h?
3
Let i(u) = 2*u**3 + 2*u**2 - 2*u. Suppose -4 = 2*g - q, g + 2 + 0 = -4*q. Let x be i(g). Let m = x + 11. What is the units digit of m?
7
Let a(w) = 3*w**2 - 1. Let g(y) = -y**3 + 3*y**2 + 5*y - 5. Let p be g(4). Let c be a(p). Suppose -k + c + 4 = 0. What is the units digit of k?
6
Let x be -3 + -4*6/(-8). Suppose 0 = 4*y + 4*v - 108, x*v + 4*v + 8 = 0. What is the tens digit of y?
2
Let l(d) = 5 + 0*d + d - 4 + 5. What is the tens digit of l(9)?
1
Let f = -22 + 34. Let i be ((-6)/f)/(1/(-8)). Suppose 12 = 4*h + i*v, -h - 5*v - 2 = -3*v. What is the units digit of h?
8
Let x(t) = -t**3 + 4*t**2 + 5*t. Let n be x(5). Suppose n = 4*h - m - 118, -h - 4*h = -5*m - 140. Suppose -o - h = -6*o. What is the units digit of o?
6
Let m(w) = -4*w - 11. Let s be m(-5). Let q(p) = 4*p - 9. What is the units digit of q(s)?
7
Suppose 122 = 4*g - 18. What is the tens digit of g?
3
Let h(o) = 0*o**2 - 2*o + 3*o + 5*o**2. What is the units digit of h(1)?
6
Suppose 4*c - 4*p = 1376, -4*p - p = 3*c - 1056. What is the units digit of c?
7
Suppose -3*p = -5*b - 30, -3*p + 0*b + 12 = b. Suppose -2*a + 2*x = 3 + 3, -p = 5*a - 3*x. What is the units digit of a?
2
Suppose -26 + 66 = -5*n. Let s = 7 - n. What is the tens digit of s?
1
Suppose -k = -4*k + 39. Su